base 5) in base 10?
57
What is 50 (base 13) in base 14?
49
3 (base 14) to base 12
3
Convert 26 (base 12) to base 13.
24
Convert 100 (base 3) to base 2.
1001
Convert -6 (base 14) to base 6.
-10
10 (base 8) to base 14
8
What is 0 (base 12) in base 16?
0
Convert -19 (base 16) to base 11.
-23
-9 (base 12) to base 7
-12
Convert -3 (base 4) to base 6.
-3
Convert -50 (base 7) to base 15.
-25
What is 2 (base 11) in base 12?
2
Convert 10001110 (base 2) to base 9.
167
What is -1 (base 12) in base 13?
-1
What is 55 (base 9) in base 16?
32
Convert 5 (base 11) to base 13.
5
-144 (base 5) to base 12
-41
Convert -4b (base 13) to base 10.
-63
1110000 (base 2) to base 10
112
Convert -12 (base 4) to base 11.
-6
Convert 0 (base 2) to base 3.
0
-16 (base 9) to base 16
-f
What is 4 (base 6) in base 4?
10
What is -1 (base 9) in base 12?
-1
3a (base 14) to base 8
64
-32 (base 14) to base 16
-2c
What is 0 (base 3) in base 8?
0
0 (base 5) to base 7
0
What is -101 (base 5) in base 6?
-42
Convert -1 (base 11) to base 9.
-1
Convert de (base 15) to base 11.
180
What is 2 (base 16) in base 9?
2
28 (base 11) to base 2
11110
Convert 5 (base 9) to base 12.
5
Convert 46 (base 8) to base 12.
32
What is 433 (base 6) in base 15?
b0
19 (base 15) to base 3
220
82 (base 11) to base 2
1011010
Convert -6 (base 8) to base 15.
-6
Convert 25 (base 11) to base 16.
1b
What is -101 (base 3) in base 7?
-13
What is -9 (base 12) in base 11?
-9
What is 4 (base 6) in base 7?
4
Convert -26 (base 14) to base 11.
-31
What is -13 (base 5) in base 16?
-8
What is 4d (base 16) in base 4?
1031
What is 231 (base 4) in base 8?
55
Convert 20 (base 16) to base 10.
32
60 (base 14) to base 2
1010100
What is -3 (base 10) in base 4?
-3
What is -a (base 16) in base 6?
-14
What is 53 (base 8) in base 11?
3a
What is -6 (base 7) in base 4?
-12
Convert 1 (base 8) to base 4.
1
a (base 14) to base 9
11
20 (base 6) to base 16
c
Convert -2b (base 15) to base 16.
-29
What is 123 (base 10) in base 11?
102
Convert 414 (base 7) to base 3.
21200
222 (base 3) to base 16
1a
-110100 (base 3) to base 15
-173
-503 (base 8) to base 13
-1bb
What is 20 (base 7) in base 15?
e
What is -3 (base 10) in base 15?
-3
Convert 332 (base 6) to base 11.
107
3 (base 15) to base 13
3
Convert -4 (base 8) to base 15.
-4
Convert -1b (base 14) to base 12.
-21
Convert 322 (base 4) to base 14.
42
What is 336 (base 10) in base 16?
150
45 (base 10) to base 2
101101
Convert 3 (base 8) to base 13.
3
3d (base 14) to base 4
313
10 (base 11) to base 6
15
What is -1211 (base 3) in base 14?
-37
12 (base 12) to base 8
16
10110 (base 2) to base 5
42
What is 2201 (base 5) in base 14?
177
-3 (base 16) to base 13
-3
Convert -2311 (base 4) to base 6.
-501
Convert 3 (base 14) to base 8.
3
Convert 265 (base 10) to base 16.
109
What is -6 (base 14) in base 16?
-6
Convert -1111 (base 2) to base 3.
-120
What is 11012 (base 3) in base 13?
89
-1 (base 10) to base 4
-1
Convert 2 (base 7) to base 4.
2
3 (base 6) to base 4
3
Convert -101 (base 2) to base 14.
-5
What is 62 (base 8) in base 3?
1212
What is 1 (base 9) in base 7?
1
Convert 1200 (base 4) to base 6.
240
What is 12 (base 15) in base 10?
17
What is -1 (base 9) in base 8?
-1
What is 110110 (base 2) in base 16?
36
What is 11011 (base 4) in base 9?
401
What is 26 (base 9) in base 7?
33
Convert 5 (base 7) to base 16.
5
3 (base 10) to base 9
3
Convert -44 (base 8) to base 12.
-30
Convert -4 (base 10) to base 6.
-4
3 (base 12) to base 2
11
-1011 (base 2) to base 3
-102
What is -220 (base 8) in base 7?
-264
374 (base 10) to base 3
111212
What is 10 (base 10) in base 5?
20
Convert 0 (base 16) to base 4.
0
Convert -b (base 13) to base 4.
-23
Convert -15b (base 14) to base 15.
-137
What is -1211 (base 4) in base 9?
-122
Convert 0 (base 7) to base 3.
0
Convert -3 (base 6) to base 4.
-3
Convert 224 (base 6) to base 10.
88
Convert 303 (base 4) to base 9.
56
-23 (base 6) to base 9
-16
What is 24 (base 8) in base 9?
22
-10 (base 5) to base 9
-5
Convert 1031 (base 4) to base 14.
57
-5 (base 11) to base 7
-5
Convert -2a (base 15) to base 12.
-34
What is -33 (base 9) in base 3?
-1010
1 (base 15) to base 16
1
-62 (base 10) to base 7
-116
What is -16 (base 12) in base 16?
-12
What is -172 (base 8) in base 5?
-442
Convert -3 (base 9) to base 11.
-3
-1100 (base 3) to base 10
-36
What is -14 (base 16) in base 6?
-32
Convert e (base 16) to base 4.
32
Convert 2 (base 4) to base 2.
10
6 (base 14) to base 9
6
3 (base 15) to base 3
10
Convert -9 (base 14) to base 2.
-1001
What is 0 (base 10) in base 7?
0
What is -11 (base 6) in base 7?
-10
What is -2 (base 7) in base 10?
-2
Convert -3 (base 8) to base 16.
-3
Convert -39 (base 11) to base 5.
-132
What is -82 (base 16) in base 4?
-2002
10 (base 3) to base 11
3
What is -20222 (base 3) in base 6?
-512
What is -4d (base 14) in base 10?
-69
-22 (base 4) to base 11
-a
125 (base 10) to base 3
11122
What is 61 (base 15) in base 10?
91
-21 (base 13) to base 10
-27
Convert -17 (base 8) to base 6.
-23
Convert 20 (base 13) to base 5.
101
-17 (base 11) to base 13
-15
Convert 1011 (base 2) to base 9.
12
Convert 10 (base 9) to base 10.
9
-7 (base 8) to base 11
-7
Convert 0 (base 15) to base 5.
0
What is 73 (base 9) in base 16?
42
Convert 34 (base 5) to base 2.
10011
What is -40 (base 6) in base 3?
-220
Convert -1 (base 4) to base 11.
-1
What is 53 (base 9) in base 8?
60
-2 (base 11) to base 6
-2
Convert -101 (base 5) to base 2.
-11010
What is 26 (base 15) in base 9?
40
What is -1 (base 3) in base 7?
-1
What is 44 (base 6) in base 2?
11100
-a (base 13) to base 9
-11
Convert 83 (base 10) to base 15.
58
Convert 2a (base 14) to base 15.
28
What is 21 (base 6) in base 5?
23
-10001 (base 2) to base 16
-11
10 (base 3) to base 11
3
Convert 9 (base 14) to base 11.
9
-2 (base 3) to base 15
-2
What is -11 (base 9) in base 6?
-14
What is 1 (base 5) in base 15?
1
What is 6 (base 7) in base 15?
6
What is 243 (base 7) in base 14?
93
What is -c (base 15) in base 16?
-c
What is 14 (base 8) in base 2?
1100
5 (base 15) to base 11
5
Convert -1 (base 10) to base 11.
-1
What is -2 (base 7) in base 10?
-2
1 (base 9) to base 8
1
What is 17 (base 8) in base 15?
10
What is -11112 (base 4) in base 6?
-1330
0 (base 15) to base 7
0
Convert -10 (base 4) to base 10.
-4
What is 16 (base 14) in base 10?
20
101 (base 2) to base 3
12
Convert -12 (base 8) to base 6.
-14
Convert -3 (base 12) to base 8.
-3
-412 (base 5) to base 4
-1223
What is -167 (base 15) in base 5?
-2242
Convert -1011000 (base 2) to base 16.
-58
-7 (base 8) to base 4
-13
Convert -22 (base 16) to base 8.
-42
10000 (base 3) to base 14
5b
What is 10 (base 2) in base 16?
2
Convert 1 (base 14) to base 9.
1
Convert 2 (base 15) to base 4.
2
What is -64 (base 9) in base 14?
-42
What is 2a (base 16) in base 2?
101010
-b (base 13) to base 10
-11
What is 11 (base 4) in base 11?
5
1250 (base 6) to base 16
13e
-22 (base 6) to base 8
-16
What is 1 (base 15) in base 9?
1
What is -19 (base 16) in base 10?
-25
-3 (base 10) to base 4
-3
Convert -12 (base 14) to base 5.
-31
Convert 213 (base 9) to base 10.
174
What is -10100 (base 2) in base 5?
-40
What is -19 (base 14) in base 12?
-1b
Convert 2 (base 13) to base 16.
2
Convert 34 (base 16) to base 14.
3a
Convert -111 (base 2) to base 15.
-7
3 (base 8) to base 14
3
What is -1 (base 13) in base 11?
-1
Convert -58 (base 12) to base 3.
-2112
Convert 53 (base 15) to base 12.
66
0 (base 13) to base 14
0
-5 (base 6) to base 2
-101
What is 1 (base 13) in base 9?
1
5 (base 13) to base 15
5
-1 (base 4) to base 13
-1
Convert 9d (base 15) to base 4.
2110
Convert 12 (base 8) to base 10.
10
Convert 37 (base 8) to base 15.
21
0 (base 6) to base 11
0
-1110 (base 2) to base 12
-12
What is 5b (base 12) in base 7?
131
What is 86 (base 14) in base 3?
11101
-1 (base 3) to base 9
-1
What is 0 (base 4) in base 8?
0
Convert -5 (base 14) to base 3.
-12
-100 (base 2) to base 9
-4
-215 (base 6) to base 3
-10002
What is -33 (base 6) in base 9?
-23
What is 7 (base 9) in base 16?
7
What is -b (base 16) in base 2?
-1011
Convert -17 (base 10) to base 2.
-10001
What is 2 (base 15) in base 7?
2
What is 2 (base 3) in base 11?
2
2212 (base 5) to base 6
1231
What is -1101 (base 3) in base 12?
-31
Convert -11101 (base 2) to base 8.
-35
Convert 13 (base 14) to base 11.
16
Conver